{"id":29,"date":"2020-03-18T23:17:37","date_gmt":"2020-03-18T23:17:37","guid":{"rendered":"https:\/\/kita-luetzelbach-evangelisch.de\/?page_id=29"},"modified":"2020-07-07T07:03:35","modified_gmt":"2020-07-07T07:03:35","slug":"testseite-2","status":"publish","type":"page","link":"https:\/\/kita-luetzelbach-evangelisch.de\/?page_id=29","title":{"rendered":"Unser Tr\u00e4ger"},"content":{"rendered":"\n<div class=\"wp-block-image\"><figure class=\"aligncenter size-thumbnail\"><img loading=\"lazy\" decoding=\"async\" width=\"150\" height=\"150\" src=\"https:\/\/kita-luetzelbach-evangelisch.de\/wp-content\/uploads\/2020\/06\/1-150x150.jpg\" alt=\"\" class=\"wp-image-764\" srcset=\"https:\/\/kita-luetzelbach-evangelisch.de\/wp-content\/uploads\/2020\/06\/1-150x150.jpg 150w, https:\/\/kita-luetzelbach-evangelisch.de\/wp-content\/uploads\/2020\/06\/1-300x300.jpg 300w, https:\/\/kita-luetzelbach-evangelisch.de\/wp-content\/uploads\/2020\/06\/1-1024x1024.jpg 1024w, https:\/\/kita-luetzelbach-evangelisch.de\/wp-content\/uploads\/2020\/06\/1-768x768.jpg 768w, https:\/\/kita-luetzelbach-evangelisch.de\/wp-content\/uploads\/2020\/06\/1-1536x1536.jpg 1536w, https:\/\/kita-luetzelbach-evangelisch.de\/wp-content\/uploads\/2020\/06\/1.jpg 1713w\" sizes=\"auto, (max-width: 150px) 100vw, 150px\" \/><figcaption>Das Dekanat Odenwald<\/figcaption><\/figure><\/div>\n\n\n\n<p>Liebe Besucher dieser Homepage,<\/p>\n\n\n\n<p>es freut uns, dass Sie sich f\u00fcr die Arbeit der Evangelischen Kita \u201cDie kleinen Strolche\u201c interessieren und sich die Zeit nehmen, uns durch diese Homepage ein wenig besser kennenzulernen. Sie erfahren hier vieles \u00fcber die Ziele der p\u00e4dagogischen Arbeit in der Kita.  In unserem christlichen Selbstverst\u00e4ndnis achten, respektieren und wertsch\u00e4tzen wir alle Menschen. Wir freuen uns auf Sie! Egal woher Sie kommen, welche Hautfarbe Sie haben oder an welchen Gott Sie glauben!<\/p>\n\n\n\n<p>Die Evangelische Kita \u201eDie kleinen Strolche\u201c in L\u00fctzelbach ist mit 8 weiteren Evangelischen Kitas eingebettet in einen der gr\u00f6\u00dften Tr\u00e4gerverb\u00fcnde im Odenwald. Die Tr\u00e4gerschaft dieses Verbundes hat das Evangelische Dekanat Odenwald.<\/p>\n\n\n\n<p>Die Kirchengemeinde vor Ort ist weiterhin verantwortlich f\u00fcr die p\u00e4dagogische Ausrichtung und zust\u00e4ndig f\u00fcr die Einbindung der Kita in das Gemeindeleben. Als einer der ersten \u00fcberregionalen Tr\u00e4gerverb\u00fcnde in der Evangelischen Kirche in Hessen und Nassau haben wir erfolgreich bewiesen, dass \u00fcberregionales Denken und eine gemeinsame Organisation die Kitas vor Ort nicht nur st\u00e4rken, sondern auch besser machen kann.<\/p>\n\n\n\n<p>Willkommen bei uns in der Evangelischen Kita in L\u00fctzelbach.<\/p>\n\n\n\n<p><em>(Marco Lautenschl\u00e4ger, Gesch\u00e4ftsf\u00fchrer)<\/em><\/p>\n","protected":false},"excerpt":{"rendered":"<p>Liebe Besucher dieser Homepage, es freut uns, dass Sie sich f\u00fcr die Arbeit der Evangelischen Kita \u201cDie kleinen Strolche\u201c interessieren und sich die Zeit nehmen, uns durch diese Homepage ein wenig besser kennenzulernen. Sie erfahren hier vieles \u00fcber die Ziele &hellip; <a href=\"https:\/\/kita-luetzelbach-evangelisch.de\/?page_id=29\">Weiterlesen <span class=\"meta-nav\">&rarr;<\/span><\/a><\/p>\n","protected":false},"author":1,"featured_media":0,"parent":93,"menu_order":0,"comment_status":"closed","ping_status":"closed","template":"","meta":{"footnotes":""},"class_list":["post-29","page","type-page","status-publish","hentry"],"_links":{"self":[{"href":"https:\/\/kita-luetzelbach-evangelisch.de\/index.php?rest_route=\/wp\/v2\/pages\/29","targetHints":{"allow":["GET"]}}],"collection":[{"href":"https:\/\/kita-luetzelbach-evangelisch.de\/index.php?rest_route=\/wp\/v2\/pages"}],"about":[{"href":"https:\/\/kita-luetzelbach-evangelisch.de\/index.php?rest_route=\/wp\/v2\/types\/page"}],"author":[{"embeddable":true,"href":"https:\/\/kita-luetzelbach-evangelisch.de\/index.php?rest_route=\/wp\/v2\/users\/1"}],"replies":[{"embeddable":true,"href":"https:\/\/kita-luetzelbach-evangelisch.de\/index.php?rest_route=%2Fwp%2Fv2%2Fcomments&post=29"}],"version-history":[{"count":6,"href":"https:\/\/kita-luetzelbach-evangelisch.de\/index.php?rest_route=\/wp\/v2\/pages\/29\/revisions"}],"predecessor-version":[{"id":897,"href":"https:\/\/kita-luetzelbach-evangelisch.de\/index.php?rest_route=\/wp\/v2\/pages\/29\/revisions\/897"}],"up":[{"embeddable":true,"href":"https:\/\/kita-luetzelbach-evangelisch.de\/index.php?rest_route=\/wp\/v2\/pages\/93"}],"wp:attachment":[{"href":"https:\/\/kita-luetzelbach-evangelisch.de\/index.php?rest_route=%2Fwp%2Fv2%2Fmedia&parent=29"}],"curies":[{"name":"wp","href":"https:\/\/api.w.org\/{rel}","templated":true}]}}

Unser Träger

<div class="wp-block-image"><figure class="aligncenter size-thumbnail"><img loading="lazy" decoding="async" width="150" height="150" src="https://kita-luetzelbach-evangelisch.de/wp-content/uploads/2020/06/1-150x150.jpg" alt="" class="wp-image-764" srcset="https://kita-luetzelbach-evangelisch.de/wp-content/uploads/2020/06/1-150x150.jpg 150w, https://kita-luetzelbach-evangelisch.de/wp-content/uploads/2020/06/1-300x300.jpg 300w, https://kita-luetzelbach-evangelisch.de/wp-content/uploads/2020/06/1-1024x1024.jpg 1024w, https://kita-luetzelbach-evangelisch.de/wp-content/uploads/2020/06/1-768x768.jpg 768w, https://kita-luetzelbach-evangelisch.de/wp-content/uploads/2020/06/1-1536x1536.jpg 1536w, https://kita-luetzelbach-evangelisch.de/wp-content/uploads/2020/06/1.jpg 1713w" sizes="auto, (max-width: 150px) 100vw, 150px" /><figcaption>Das Dekanat Odenwald</figcaption></figure></div>



<p>Liebe Besucher dieser Homepage,</p>



<p>es freut uns, dass Sie sich für die Arbeit der Evangelischen Kita “Die kleinen Strolche“ interessieren und sich die Zeit nehmen, uns durch diese Homepage ein wenig besser kennenzulernen. Sie erfahren hier vieles über die Ziele der pädagogischen Arbeit in der Kita.  In unserem christlichen Selbstverständnis achten, respektieren und wertschätzen wir alle Menschen. Wir freuen uns auf Sie! Egal woher Sie kommen, welche Hautfarbe Sie haben oder an welchen Gott Sie glauben!</p>



<p>Die Evangelische Kita „Die kleinen Strolche“ in Lützelbach ist mit 8 weiteren Evangelischen Kitas eingebettet in einen der größten Trägerverbünde im Odenwald. Die Trägerschaft dieses Verbundes hat das Evangelische Dekanat Odenwald.</p>



<p>Die Kirchengemeinde vor Ort ist weiterhin verantwortlich für die pädagogische Ausrichtung und zuständig für die Einbindung der Kita in das Gemeindeleben. Als einer der ersten überregionalen Trägerverbünde in der Evangelischen Kirche in Hessen und Nassau haben wir erfolgreich bewiesen, dass überregionales Denken und eine gemeinsame Organisation die Kitas vor Ort nicht nur stärken, sondern auch besser machen kann.</p>



<p>Willkommen bei uns in der Evangelischen Kita in Lützelbach.</p>



<p><em>(Marco Lautenschläger, Geschäftsführer)</em></p>

<p>Liebe Besucher dieser Homepage, es freut uns, dass Sie sich für die Arbeit der Evangelischen Kita “Die kleinen Strolche“ interessieren und sich die Zeit nehmen, uns durch diese Homepage ein wenig besser kennenzulernen. Sie erfahren hier vieles über die Ziele &hellip; <a href="https://kita-luetzelbach-evangelisch.de/?page_id=29">Weiterlesen <span class="meta-nav">&rarr;</span></a></p>
